 Let j be l(-7). What is the units digit of i(j)?
6
Let y(f) = -13*f - 1. Let a be y(1). Let z be (36/(-42))/(2/a). Suppose 46 = 5*o - 2*j + z, -5*j = 0. What is the units digit of o?
8
Let f be 3 + -1 + 12/(-2). Let p = 15 + -7. Let r = f + p. What is the units digit of r?
4
Let s = -33 + 57. What is the units digit of s?
4
Let g be (6/10)/((-2)/(-10)). Suppose -2*q = -4*a - 22, -2*q - 3*a = -g*q + 7. What is the tens digit of q?
1
Let o(i) = i**3 - 5*i**2 + i + 1. Let h be o(5). Let g(k) = -k**3 + 3*k**2 + 4*k. Let s be g(4). Suppose s = 4*v - h*v + 16. What is the units digit of v?
8
Let h(v) = -2*v**3 + 3*v**2 + v + 1. Let o(t) = -t**2 - 2*t - 2. Let x be o(-2). What is the units digit of h(x)?
7
Suppose -7*l - 42 = -9*l. What is the units digit of l?
1
Let w(k) = 2*k**2 + 25*k + 11. Let d = 2 - 7. Let n(m) = -m**2 - 13*m - 5. Let x(z) = d*n(z) - 3*w(z). What is the units digit of x(-9)?
1
What is the units digit of (-10)/15 + 33/9?
3
Let u(m) = -2*m**2 - 2*m - 1. Let v be u(-1). Let g be 9/(1 - -2) + v. Suppose z = g*o - 12, 3*o - 4 = 5*z + 14. What is the units digit of o?
6
Suppose 0 = 4*s - 3*b - 33, -s + 7 = -3*b + 2*b. Let l = -9 + s. What is the units digit of l?
3
Let m(p) = p**3 + 5*p**2 + 4*p + 3. Let d be m(-3). Suppose -z + 0*z = -d. What is the units digit of z?
9
What is the tens digit of (-5 - -3 - 1) + 189?
8
Let s be 60 - 3/9*0. Suppose -180 = -4*y - s. Let f = y + -15. What is the units digit of f?
5
Suppose -2*w + 25 = -m, 2*m = -w + 3*m + 11. What is the tens digit of w?
1
Let o(c) = -c**2 + 10*c + 6. Let v be o(10). Let r(g) = -2*g + v*g + 2 - 2*g + 3*g. What is the units digit of r(2)?
2
Suppose -24 - 26 = -5*m. Let u(x) = x**2 - 7*x - 12. What is the units digit of u(m)?
8
Let m be (-8)/(-3) + (-2)/(-6). Let j = 5 - m. What is the units digit of j?
2
Let h(q) = 49*q**2 + 5*q - 5. Let v(t) = t - 1. Let o(y) = h(y) - 3*v(y). What is the units digit of o(1)?
9
Let d(c) = -c**2 - 3*c + 2. Let x be d(-2). Let k(b) = b - 10. Let t be k(11). Let o = t + x. What is the units digit of o?
5
Suppose 0 = x - 9 + 13. What is the units digit of (6/9)/(x/(-36))?
6
Let s(x) = -4*x - 6. Let p be s(-6). What is the units digit of 4/p - 25/(-9)?
3
Let l(a) = 61*a**3 + 3*a**2 - 3*a + 2. What is the units digit of l(1)?
3
Let c(t) = 4*t + 30. What is the tens digit of c(26)?
3
Suppose -2*f = -5*n + 35, 0 = -3*n + 4*f + f + 2. What is the units digit of n*1 + (2 - 0)?
1
Suppose 3*l = 50 + 13. Suppose -7 - l = -4*g. What is the units digit of 1 + 0 + g - 1?
7
Let d = 6 + -4. Let w be 39/12 + d/(-8). What is the units digit of (w/(-2))/(6/(-32))?
8
Suppose -y + 4 = 2. Let d(q) = q**2 - q - 1. What is the units digit of d(y)?
1
Suppose 40 = -0*j + 2*j - 4*p, 3*j + 3*p - 33 = 0. Suppose -3*l - f = -11 - j, l - 11 = -3*f. What is the units digit of l?
8
Let h(c) = c**3 - 9*c**2 + 3*c - 6. Let w be h(9). Suppose 3*g = -w + 108. What is the tens digit of g?
2
Suppose 19*b = 22*b - 531. What is the tens digit of b?
7
Let k be (-27)/(-6)*(-2)/(-3). Suppose 0 = -2*w - 2*c + 20, -k*c + 7*c = -2*w + 20. Suppose -w - 30 = -4*y. What is the tens digit of y?
1
Let v be ((-27)/(-6))/((-1)/2). Let i = -13 - -6. What is the units digit of v - i - -1*11?
9
Suppose f - 13 = -1. Let j be 2/8 - 3/f. What is the units digit of 14*(-1)/(j - 2)?
7
Suppose 0*s + 35 = 5*s. What is the units digit of s?
7
Suppose 3*x + 8 = 2*y - x, -2*x - 20 = -5*y. Suppose 2*g - 6 - y = 0. What is the units digit of g?
5
Let i be (-3 + 44/12)*3. Let g = i - 0. What is the units digit of g?
2
Let x = 56 - 54. What is the units digit of x?
2
Suppose -4*a + 115 - 3 = 0. What is the tens digit of a?
2
Let u(p) = -2*p - 2*p + p. Let a be u(-1). What is the units digit of (-64)/(-12) + (-1)/a?
5
Suppose 2*c + 0*c = -3*w - 11, 4*c + 3*w = -13. Let j(r) = 4*r**2 + r + 1. Let n be j(c). Suppose n*a + 1 = 25. What is the units digit of a?
6
Let y = 9 - 1. Suppose 4*g + 8 + y = 3*h, -2*h + 26 = 5*g. What is the units digit of h?
8
Suppose 7*p - 253 = 223. What is the tens digit of p?
6
Suppose 3*l + 0*l = -12. Let p be (-48)/(-28) + l/(-14). Suppose 16 + 27 = 2*c - 5*k, -37 = -3*c + p*k. What is the units digit of c?
9
Suppose 4*h - 22 = -3*y, 0 = 4*y + 2*h - 11 - 5. Suppose 117 = 4*l - m, -y*m + m = -5*l + 146. What is the tens digit of l?
2
Let r = 0 - -3. Let s = r - -5. Suppose 4*p - s*p = -28. What is the units digit of p?
7
Let p = -1 - -1. Suppose t - 28 + 4 = p. What is the tens digit of -3 + t + 3/(-1)?
1
What is the tens digit of 323/5 - (-12)/30?
6
Let v(j) = -j**2 + 29*j - 3. What is the tens digit of v(12)?
0
Suppose -16*o + 1536 = -10*o. What is the units digit of o?
6
Suppose 4*b - 21 = -a, -48 = 4*a - 6*a - 2*b. What is the tens digit of a?
2
Let w(j) = j**2 - 7*j + 4. Let b be w(7). Suppose -b*m + 0*p + 12 = 5*p, -p = 5*m - 36. What is the units digit of m?
8
What is the units digit of (5/(-1))/(((-39)/(-18))/(-13))?
0
Let a = 55 - 49. What is the units digit of a?
6
Suppose -5*r + 2*y = -40, 0 = 4*r + y - 38 + 6. Let i = -6 + r. What is the units digit of i?
2
Let b(l) = 3*l**3 - 22*l**2. What is the tens digit of b(9)?
0
Let p(a) = a - 4. Let o be p(3). What is the units digit of (-1)/(40/41 + o)?
1
Let c(v) = -2*v**3 + 4*v**2 + v + 1. Let w be c(3). What is the units digit of (-206)/(-14) + (-4)/w?
5
Suppose 190 = 4*i + 5*o, i - 3*o - 8 = 48. What is the tens digit of i?
5
Let t = -4 - -9. Let i(m) = -m**3 + 6*m**2 - 3*m - 7. Let w be i(t). Let b = 6 + w. What is the units digit of b?
9
Let z = 145 - 78. What is the tens digit of z?
6
Suppose 0 = 3*y + r - 3*r - 14, -5*y - 3*r = 2. Let b be 9 + (0 - 1)*y. Suppose -3*q = -b*q + 16. What is the units digit of q?
4
Let x(u) = u**3 - 9*u**2 + 7*u + 9. Let p be x(8). What is the tens digit of p + (0 - 9*-1)?
1
Let p = -50 - 10. Let k = 24 + p. Let z = -25 - k. What is the units digit of z?
1
Suppose 4*l - 59 = -5*z + 573, 0 = -5*z. What is the hundreds digit of l?
1
Let x be -2*-3*1/2. Let n be -6*((-9)/(-2))/x. What is the units digit of (-2)/(-9) - 79/n?
9
Let u(f) = f**3 + 10*f**2 + 8*f - 12. Let b be u(-9). Let v be (-3)/((18/10)/b). Suppose x = 5*k - 84, 3*k + v*x + 15 = 43. What is the units digit of k?
6
Let s be (1 - -877) + 4/2. What is the tens digit of s/56 - (-4)/14?
1
Suppose 0 = -q - 4*q + 65. What is the units digit of q?
3
What is the units digit of (298/8)/((-19)/(-76))?
9
Let f = 55 + 40. What is the units digit of f?
5
What is the units digit of ((-4)/8)/(1/(-70))?
5
Let l = 4 - 3. Let b be l + -3*48/(-9). Suppose 5*d = -3*k + b, -14 = -3*k - d - d. What is the units digit of k?
4
Let q(k) = -97*k - 4. What is the tens digit of q(-2)?
9
Suppose 5*z - 365 = -4*b, 15 - 161 = -2*z + b. What is the tens digit of z?
7
Let b(s) = -s**3 - 3*s**2 - 1. Let m be b(-3). Let n(g) = g**2 - 2*g**2 - g + 4*g**2. What is the units digit of n(m)?
4
Suppose -4*m = 12, 5*h = -4*m + 19 + 4. Suppose -5*i + 15 = -4*k, 8 = 5*i + 4*k - h. Suppose i*w - 2 = 7. What is the units digit of w?
3
Let m be 13 + (-1 - 3/3). Suppose -4*h + m = -5. Suppose h*o - 14 = 34. What is the tens digit of o?
1
Let g be (18/8)/((-3)/12). Let d be g/6*4/(-3). Suppose -4*i = -3*t + 38, 0 = -t + d*t + 4*i + 14. What is the units digit of t?
6
Suppose -5*s = 4*h + 5, 5*h + 3 + 2 = -5*s. Let a(r) = -3*r**3 + r**2 + 2*r + 1. What is the units digit of a(s)?
3
Let x be 7 - 3 - 5 - 83. What is the tens digit of 1/(-4 + (-338)/x)?
4
Let i(o) = -o - 1. Let j be (-9)/12 - 14/(-8). Suppose 0 = 2*w - 5*h + 1, 1 = -w + h - j. What is the units digit of i(w)?
2
Let f(x) = 6*x**2 + 2. Let k be f(-2). Suppose k = -5*c + 91. What is the tens digit of c?
1
Let k(g) = g**3 + 5*g + g**2 - 3*g**2 + 4*g**2 + 5*g**2. What is the units digit of k(-6)?
6
Let q be (-4)/(-4)*(5 + 0). Suppose x - 120 + 32 = -d, -5*d = -q*x - 400. What is the units digit of 2/(-5) + d/10?
8
Let t be -6 - -3 - (-5 + 0). Let m(v) = 0*v + 3*v - 2*v**3 + 3*v**3 - 2*v**2. What is the units digit of m(t)?
6
Let w = 25 + 20. What is the tens digit of w?
4
Suppose -30 = 3*a - 5*m + 43, a + 25 = 2*m. Let l = a + 71. What is the units digit of l?
0
Let k = 19 - -11. What is the tens digit of k?
3
Let i(c) = 2*c**3 - 2*c**2 + 5*c - 4. Let p be i(3). Suppose 0 = 2*r - 3*f - 38, -3*f - p = -3*r - f. What i